 j?
5
Let g(y) = 11*y + 36. Let s(t) = -33*t - 109. Let b(q) = 8*g(q) + 3*s(q). What is the units digit of b(-11)?
2
Let k = -10 - 0. What is the hundreds digit of (-5)/k - 1276/(-8)?
1
Let d(f) = f**3 + 6*f**2 - 8*f + 3. Let o be d(-8). Let r = o + 103. What is the units digit of r?
2
Let w = 1067 + -433. What is the units digit of w?
4
Let i = -1778 + 5922. What is the thousands digit of i?
4
Let j(t) be the second derivative of -t**6/360 - t**5/15 + t**4/4 - t. Let v(x) be the third derivative of j(x). What is the units digit of v(-5)?
2
Let i(b) = -2*b**3 + 8*b**2 + 6. Let y(p) = -p**3 + 8*p**2 - p + 7. Let f(c) = -2*i(c) + 3*y(c). What is the tens digit of f(-7)?
7
Suppose 5*g - 75 + 340 = 0. Let r = g + 91. Let u = -23 + r. What is the units digit of u?
5
Suppose 2*x - 5 = 7. Suppose -x*c + 3*c + 105 = 0. What is the units digit of c?
5
Suppose 69 + 84 = 9*o. Let y = 69 - o. What is the tens digit of y?
5
Suppose 0 = 5*h - 4*d - 16, 0 = -4*h - 5*d + 32 - 11. Suppose 4*k - 174 = k + 2*j, 5*j = -h*k + 209. What is the tens digit of k?
5
Let h be (-8)/20 - 69/15. Let m be 15/(-9)*(1 - h). Let c(v) = v**3 + 9*v**2 - 13*v + 5. What is the tens digit of c(m)?
3
Let s = 37 - 34. Let w(a) = -a**2 + 2*a + 5. Let h be w(s). What is the units digit of (-16)/((-4)/h)*2?
6
Suppose b = -5*d + 418, 1588 = 4*b + 2*d - 3*d. What is the units digit of b?
8
Suppose 12*z - 1156 - 2072 = 0. What is the hundreds digit of z?
2
Let v(f) = -f**3 - 13*f**2 - 12*f + 2. Let i be v(-12). Let y(n) = -2*n**i - 4*n**2 + 20*n + 7 + n**2 - n**3 - 18*n. What is the tens digit of y(-6)?
3
Let b = -5 - -9. Suppose c + 95 = b*c - 5*x, 3*c + 5*x - 85 = 0. What is the tens digit of c?
3
Let z = 32 + 1633. What is the tens digit of z?
6
Suppose 8*m + 6 - 30 = 0. Let v = -4 - -7. Suppose -v*j - 5*s + 33 = 0, 3*s + 55 = m*j + 2*j. What is the tens digit of j?
1
Suppose 5*j + 31 = 4*p, 13 = 5*p - j - 10. Suppose 0 = x - 3*x + p. What is the tens digit of (36 - 1)*x/5?
1
Suppose k - 3 = 2. Suppose k*b = -0*b + 10. What is the tens digit of ((-4)/(-6))/(b/45)?
1
Let o be (-3 - -2)*(2 - 2). Suppose o = z - 4*z - 2*j + 231, 3*z - 3*j - 216 = 0. What is the tens digit of z?
7
Let c(y) = 160*y - 1. Let q be c(-2). What is the tens digit of (0 - q/15) + (-4)/10?
2
Let r(g) = 6*g**2 + 10*g - 6*g**2 + g**2 + 21 - 8. Let f be r(-9). Suppose -53 - 3 = -f*v. What is the tens digit of v?
1
What is the hundreds digit of 27/((-3591)/38) - (-2557)/7?
3
What is the hundreds digit of (-5 - (-477)/99) + (-5238)/(-11)?
4
Suppose -1269*l - 163 = -1270*l. What is the tens digit of l?
6
Suppose 5406 = -12*b + 47946. What is the tens digit of b?
4
Let t be (-1)/4*(15 + -15). Suppose -a + 10 = 3*a + 3*h, -5*a - 3*h + 14 = t. Suppose 0*v = -a*v + 168. What is the tens digit of v?
4
Let j(b) = 2*b**3 - b**3 + 9*b - 10*b - 5 + 0 - 6*b**2. What is the units digit of j(7)?
7
Let q(v) = v**3 - 9*v**2 + 7*v + 7. Let d be q(8). What is the units digit of (-5 + -56)/(1*d)?
1
Suppose 14*j = -j + 1140. What is the units digit of j?
6
Suppose 0*u + 4*u = 5*n + 11299, -2*u = 10*n - 5612. What is the tens digit of u?
2
Let h = -8 + 13. Suppose h*l = -7 - 83. What is the units digit of -1*4/8*l?
9
Let j(p) = 4*p**2 + 7*p + 1. Let t be j(-2). What is the tens digit of 7 - (-6)/(-2) - (t + -80)?
8
Suppose -2*k - 2*k = -5*n + 4, n + k = -1. Suppose n = 9*h - h - 1296. What is the hundreds digit of h?
1
Suppose -2*c - 71 = d - 4*c, 2*d + 148 = c. What is the tens digit of 100/d*(-159)/2?
0
Suppose 0 = -6*f + 7*f - 2. Suppose 3*s - n = 272, -f*s + 5*n + 460 = 3*s. What is the units digit of s?
0
Suppose -2*l - 1 = -9. Suppose -5*q - 3*n = -133, -3*n - n + 108 = l*q. What is the tens digit of q?
2
What is the hundreds digit of (-3117)/(-7) - (-3)/(126/(-12))?
4
Let c be (109 - 1) + -5 - 0/2. Let d = c - -9. What is the units digit of d?
2
Let w be 192/60*15/(-6). Let g = 184 + w. What is the hundreds digit of g?
1
Suppose 0 = -5*o + 4*t - 30, -3*t + 9 = -o + 4*o. Let c be (0/(-6))/(4 + o). What is the tens digit of ((3 + c)*-7)/(-1)?
2
What is the tens digit of (-4 - -1)/((-18)/1902)?
1
Let u(d) = -9*d**2 - 2*d + 2381. What is the tens digit of u(0)?
8
Let s(m) = -36*m**3 + m**2 - 2*m. What is the units digit of s(-3)?
7
Let f be ((-1)/(-2))/(6/(-48)). Let c = 7 + f. Suppose -w = -8 + c. What is the units digit of w?
5
Suppose 3945 = 2*t - 5*k, 47*t - 3952 = 45*t - 2*k. What is the hundreds digit of t?
9
Suppose -2*j = 5*p - 5, 3*j - 2*p + 3 = 1. Let n(l) = -2*l + j*l**2 - 3*l + l**2. What is the tens digit of n(8)?
2
Suppose 12*x - 11*x = 0. Suppose 2*j - 4*o - 316 = x, -2*j - 2*j + 3*o = -657. What is the units digit of j?
8
Let b = 202 - 10. Suppose -4*j - 5*a = -306, -b + 558 = 5*j - 2*a. What is the tens digit of j?
7
Let h(z) = -5 + 3*z + 107*z**2 - 108*z**2 + 8*z. Let b be h(9). Suppose 4*w + 1 = b. What is the units digit of w?
3
Suppose -5*s = 3*u + 42, 0 = -4*u + 2*u + 4*s - 28. Let v(n) = n**3 + 14*n**2 - 2*n - 4. What is the tens digit of v(u)?
2
Let c(r) = r - 4. Let q be c(7). Let t = 126 - q. What is the units digit of t?
3
Let u = 23 - 27. What is the units digit of (-1 - 23)*3/u?
8
Let x = 13 + -27. Let h = x + 5. Let f = -7 - h. What is the units digit of f?
2
Suppose l = 2*l - 5*x + 5, 10 = -2*l + x. Let s = 10 + l. Suppose -26 = 4*r - s*r. What is the tens digit of r?
2
Let h(d) = -22*d - 8. Let b be (0 - 2)*(-12)/(-8). What is the tens digit of h(b)?
5
Suppose -i - 9 = -2*u - 0*u, 0 = -u - 3*i + 8. Let o = 124 - 118. What is the units digit of 2/o*(19 + u)?
8
Let r(i) = 2*i**2 - 4*i + 4. Let p be r(3). Let z = p - 8. What is the units digit of (z/(-3))/((-22)/231)?
7
Suppose 6*w + 5155 = 27061. What is the tens digit of w?
5
Let j(g) = 8*g**2 + 4*g - 1. Let l be j(-4). Let t = l - 67. What is the units digit of t?
4
Let t(z) = -z**2 - 7*z - 4. Let f be t(-2). Let v = 24 + f. What is the units digit of v?
0
Suppose -2*q + 10932 = -3*u, -6*u = -q + 4*q - 16419. What is the units digit of q?
9
Suppose x - 5 = -8. Suppose 20 = 5*c - 5. What is the units digit of x + (c - 2) + 16?
6
Suppose 0 = -b - 3*b. Let m = 102 - 71. Suppose b = j - m. What is the units digit of j?
1
Let l = 2632 - 383. What is the tens digit of l?
4
Let u be -494*(6/4 - 2). Suppose 2*l - u = 5*y, 5*l - 2*y = 4*l + 126. Suppose 0*h - 4*h = -l. What is the units digit of h?
4
Suppose 1592 = 8*x - 0*x. What is the units digit of x?
9
Suppose 12*j - 2524 = -2*i + 14*j, -3*j = 0. What is the hundreds digit of i?
2
Let h(v) = v**3 + 23*v**2 + 7*v - 200. What is the hundreds digit of h(-22)?
1
Let m = -202 + 578. What is the tens digit of m?
7
Let q(v) = v + 3. Let j be q(-3). Suppose -2*l = -3*m - j*m + 151, -m + 39 = 5*l. What is the tens digit of m?
4
Let r = -175 + 255. Suppose -4*m + 4 = -r. Suppose -t + 20 = -m. What is the tens digit of t?
4
What is the hundreds digit of ((-4833)/36)/(18/(-456))?
4
Let z(l) = 2*l**2 - 7*l + 4. Let q be z(6). Suppose 8*r - 6*r = q. What is the tens digit of r?
1
Suppose -31*l = -38*l + 9387. What is the units digit of l?
1
Suppose 3 = 4*l - 25. Suppose 3*p - l*p + 1000 = 0. Suppose -3*c = c + 3*n - 200, -5*c + 3*n + p = 0. What is the units digit of c?
0
Let y be (864/120)/(6/260). Let w = y + -218. What is the units digit of w?
4
Let a = 8663 - 6029. What is the thousands digit of a?
2
Let v = 943 + -642. What is the tens digit of v?
0
Let s(n) = n. Let p be s(2). Suppose -u - 2*y = -0*u - 21, 5*u - 73 = -p*y. Suppose -u = -2*i + 109. What is the tens digit of i?
6
Let r(y) be the first derivative of y**3 + y**2 + 100*y + 11. What is the hundreds digit of r(0)?
1
Let r = -57 + 61. Suppose 725 = 5*a + n, n - 273 = -2*a + r*n. What is the units digit of a?
4
Let c(a) = -a + 1. Let x be c(-10). Suppose -34 = -5*p + x. Suppose -6*y = -69 - p. What is the units digit of y?
3
Let f = -621 + 879. What is the units digit of f?
8
Suppose m + j = 374, 5*m + 3*j = -0*j + 1864. What is the tens digit of m?
7
Let y(b) = b**3 - 2*b**2 + 4*b - 3. Let g(n) = n**3 + 8*n**2 + 6*n - 4. Let i(m) = -2*m + 9. Let q be i(8). Let s be g(q). What is the tens digit of y(s)?
1
Let m = -182 - -295. Suppose r - 4*h = 15, -3*r + 6*r + 5*h = m. What is the units digit of r?
1
What is the tens digit of 543 + ((-7)/(-3) - 40/(-60))